{"id":1217,"date":"2024-08-17T00:49:51","date_gmt":"2024-08-16T22:49:51","guid":{"rendered":"https:\/\/guido-saverio-coach.com\/?page_id=1217"},"modified":"2024-08-17T00:49:51","modified_gmt":"2024-08-16T22:49:51","slug":"5-secrets-de-seduction-elegante-que-vous-pouvez-commencer-a-utiliser-des-maintenant","status":"publish","type":"page","link":"https:\/\/guido-saverio-coach.com\/?page_id=1217","title":{"rendered":"5 Secrets de s\u00e9duction \u00e9l\u00e9gante que vous pouvez commencer \u00e0 utiliser d\u00e8s maintenant"},"content":{"rendered":"\n<p class=\"has-vivid-cyan-blue-color has-text-color has-link-color has-medium-font-size wp-elements-1e9fd8e8fd98a494417927da0b734a5b\"><strong><em>En int\u00e9grant ces secrets dans votre quotidien, vous aurez non seulement un impact positif sur les personnes que vous rencontrez, mais vous augmenterez \u00e9galement votre propre confiance et satisfaction personnelle. Alors, qu\u2019attendez-vous ? <\/em><\/strong><\/p>\n\n\n\n<div class=\"wp-block-columns is-layout-flex wp-container-core-columns-is-layout-1 wp-block-columns-is-layout-flex\">\n<div class=\"wp-block-column is-layout-flow wp-block-column-is-layout-flow\"><div class=\"wp-block-image\">\n<figure class=\"aligncenter size-large is-resized\"><img loading=\"lazy\" decoding=\"async\" width=\"683\" height=\"1024\" src=\"https:\/\/guido-saverio-coach.com\/wp-content\/uploads\/2024\/08\/pexels-jonathan-nenemann-14595453-1-683x1024.jpg\" alt=\"\" class=\"wp-image-1223\" style=\"width:220px;height:auto\" srcset=\"https:\/\/guido-saverio-coach.com\/wp-content\/uploads\/2024\/08\/pexels-jonathan-nenemann-14595453-1-683x1024.jpg 683w, https:\/\/guido-saverio-coach.com\/wp-content\/uploads\/2024\/08\/pexels-jonathan-nenemann-14595453-1-200x300.jpg 200w, https:\/\/guido-saverio-coach.com\/wp-content\/uploads\/2024\/08\/pexels-jonathan-nenemann-14595453-1-768x1152.jpg 768w, https:\/\/guido-saverio-coach.com\/wp-content\/uploads\/2024\/08\/pexels-jonathan-nenemann-14595453-1-1024x1536.jpg 1024w, https:\/\/guido-saverio-coach.com\/wp-content\/uploads\/2024\/08\/pexels-jonathan-nenemann-14595453-1-1365x2048.jpg 1365w, https:\/\/guido-saverio-coach.com\/wp-content\/uploads\/2024\/08\/pexels-jonathan-nenemann-14595453-1-scaled.jpg 1707w\" sizes=\"(max-width: 683px) 100vw, 683px\" \/><\/figure><\/div><\/div>\n\n\n\n<div class=\"wp-block-column is-layout-flow wp-block-column-is-layout-flow\"><div class=\"wp-block-image\">\n<figure class=\"aligncenter size-large is-resized\"><img loading=\"lazy\" decoding=\"async\" width=\"736\" height=\"1024\" src=\"https:\/\/guido-saverio-coach.com\/wp-content\/uploads\/2024\/08\/PHOTO-MP3-4-736x1024.jpg\" alt=\"\" class=\"wp-image-1220\" style=\"width:189px;height:auto\" srcset=\"https:\/\/guido-saverio-coach.com\/wp-content\/uploads\/2024\/08\/PHOTO-MP3-4-736x1024.jpg 736w, https:\/\/guido-saverio-coach.com\/wp-content\/uploads\/2024\/08\/PHOTO-MP3-4-216x300.jpg 216w, https:\/\/guido-saverio-coach.com\/wp-content\/uploads\/2024\/08\/PHOTO-MP3-4-768x1068.jpg 768w, https:\/\/guido-saverio-coach.com\/wp-content\/uploads\/2024\/08\/PHOTO-MP3-4-1104x1536.jpg 1104w, https:\/\/guido-saverio-coach.com\/wp-content\/uploads\/2024\/08\/PHOTO-MP3-4-1472x2048.jpg 1472w, https:\/\/guido-saverio-coach.com\/wp-content\/uploads\/2024\/08\/PHOTO-MP3-4-scaled.jpg 1840w\" sizes=\"(max-width: 736px) 100vw, 736px\" \/><\/figure><\/div>\n\n\n<figure class=\"wp-block-audio\"><audio controls src=\"https:\/\/guido-saverio-coach.com\/wp-content\/uploads\/2024\/08\/5-Secrets-de-seduction-elegante-que-vous-pouvez-commencer-a-utiliser-des-maintenant.mp3\"><\/audio><\/figure>\n<\/div>\n<\/div>\n\n\n\n<p>Mesdames et Messieurs, laissez-moi vous poser une question : <strong>avez-vous d\u00e9j\u00e0 souhait\u00e9 poss\u00e9der cette touche sp\u00e9ciale qui vous distingue instantan\u00e9ment dans une pi\u00e8ce pleine de monde ?<\/strong> Celle qui attire les regards, suscite l\u2019admiration et cr\u00e9e une connexion profonde avec ceux qui vous entourent ? La s\u00e9duction \u00e9l\u00e9gante est cette touche magique que vous pouvez ma\u00eetriser d\u00e8s aujourd&rsquo;hui. Aujourd\u2019hui, je vais vous r\u00e9v\u00e9ler <strong>5 secrets de s\u00e9duction \u00e9l\u00e9gante<\/strong> que vous pouvez commencer \u00e0 utiliser d\u00e8s maintenant pour transformer votre pr\u00e9sence et marquer les esprits autour de vous.<\/p>\n\n\n\n<h3 class=\"wp-block-heading\"><strong>1. La Confiance en Soi : Le Fondement de Toute S\u00e9duction<\/strong><\/h3>\n\n\n\n<p>La premi\u00e8re cl\u00e9 de la s\u00e9duction \u00e9l\u00e9gante est la <strong>confiance en soi<\/strong>. Imaginez-vous entrer dans une pi\u00e8ce avec une posture droite, un sourire sinc\u00e8re, et un regard d\u00e9termin\u00e9. C\u2019est ce type de pr\u00e9sence qui capte imm\u00e9diatement l\u2019attention. La confiance n\u2019est pas seulement une question d\u2019apparence ; elle se traduit par la mani\u00e8re dont vous vous sentez et vous exprimez.<\/p>\n\n\n\n<p><strong>Avantages dans le quotidien :<\/strong> Une confiance en soi bien d\u00e9velopp\u00e9e vous permet de vous affirmer dans vos interactions professionnelles et personnelles. Vous serez plus \u00e0 l&rsquo;aise lors des pr\u00e9sentations, des rencontres ou m\u00eame lors des discussions informelles.<\/p>\n\n\n\n<p><strong>Exemple pratique :<\/strong> Vous avez un entretien important ? Travaillez sur votre posture et pr\u00e9parez-vous \u00e0 affronter cet entretien avec assurance. Avant d\u2019entrer dans la salle, prenez une grande inspiration, redressez vos \u00e9paules, et rappelez-vous que vous \u00eates pr\u00eat \u00e0 montrer le meilleur de vous-m\u00eame.<\/p>\n\n\n\n<p><strong>Conseil personnalis\u00e9 :<\/strong> Pour renforcer votre confiance, essayez des techniques de visualisation. Imaginez-vous r\u00e9ussir dans des situations importantes. Cela renforce votre \u00e9tat d\u2019esprit positif et pr\u00e9pare votre cerveau \u00e0 faire face aux d\u00e9fis avec assurance.<\/p>\n\n\n\n<h3 class=\"wp-block-heading\"><strong>2. L\u2019\u00c9coute Active : Un Art Subtil mais Puissant<\/strong><\/h3>\n\n\n\n<p>Le deuxi\u00e8me secret est l\u2019<strong>\u00e9coute active<\/strong>. Cela va bien au-del\u00e0 de simplement entendre les mots que quelqu\u2019un dit. L\u2019\u00e9coute active implique de vraiment comprendre et de vous engager avec ce que l&rsquo;autre personne exprime.<\/p>\n\n\n\n<p><strong>Avantages dans le quotidien :<\/strong> En ma\u00eetrisant l\u2019\u00e9coute active, vous montrez de l\u2019empathie et du respect, ce qui renforce vos relations et vous aide \u00e0 \u00e9tablir des connexions authentiques.<\/p>\n\n\n\n<p><strong>Exemple pratique :<\/strong> Lors d\u2019une conversation, \u00e9vitez de pr\u00e9parer votre r\u00e9ponse pendant que l\u2019autre parle. Concentrez-vous enti\u00e8rement sur ses paroles, posez des questions ouvertes pour approfondir la discussion, et r\u00e9pondez de mani\u00e8re r\u00e9fl\u00e9chie.<\/p>\n\n\n\n<p><strong>Conseil personnalis\u00e9 :<\/strong> Pour am\u00e9liorer votre \u00e9coute active, pratiquez la reformulation. Apr\u00e8s qu\u2019une personne ait termin\u00e9 de parler, reformulez ce qu\u2019elle a dit pour confirmer votre compr\u00e9hension. Cela montre non seulement que vous \u00e9coutez, mais aussi que vous appr\u00e9ciez ses pens\u00e9es.<\/p>\n\n\n\n<h3 class=\"wp-block-heading\"><strong>3. Le Pouvoir du Sourire Sinc\u00e8re : Plus Qu\u2019une Simple Expression<\/strong><\/h3>\n\n\n\n<p>Troisi\u00e8me secret : <strong>le sourire sinc\u00e8re<\/strong>. Un sourire authentique est l\u2019un des outils les plus puissants de la s\u00e9duction \u00e9l\u00e9gante. Il refl\u00e8te votre ouverture et votre bienveillance, et il est contagieux.<\/p>\n\n\n\n<p><strong>Avantages dans le quotidien :<\/strong> Un sourire sinc\u00e8re peut non seulement rendre vos interactions plus agr\u00e9ables, mais il peut aussi influencer positivement l\u2019humeur des autres et cr\u00e9er une atmosph\u00e8re plus d\u00e9tendue.<\/p>\n\n\n\n<p><strong>Exemple pratique :<\/strong> Lorsque vous rencontrez quelqu\u2019un pour la premi\u00e8re fois, offrez-lui un sourire chaleureux et authentique. Vous verrez comment cela brise la glace et rend la rencontre plus agr\u00e9able pour les deux parties.<\/p>\n\n\n\n<p><strong>Conseil personnalis\u00e9 :<\/strong> Pour que votre sourire paraisse sinc\u00e8re, pensez \u00e0 quelque chose de joyeux ou \u00e0 un moment heureux avant de sourire. Un sourire qui vient du c\u0153ur est toujours plus convaincant.<\/p>\n\n\n\n<h3 class=\"wp-block-heading\"><strong>4. L\u2019Art des Compliments : Comment Ils Peuvent Transformer Une Interaction<\/strong><\/h3>\n\n\n\n<p>Quatri\u00e8me secret : <strong>l\u2019art des compliments<\/strong>. Offrir des compliments authentiques et bien plac\u00e9s est une mani\u00e8re \u00e9l\u00e9gante de montrer votre appr\u00e9ciation et d\u2019\u00e9tablir un lien avec les autres.<\/p>\n\n\n\n<p><strong>Avantages dans le quotidien :<\/strong> Les compliments sinc\u00e8res renforcent les relations et peuvent \u00e9galement am\u00e9liorer l\u2019atmosph\u00e8re autour de vous, que ce soit dans un cadre professionnel ou personnel.<\/p>\n\n\n\n<p><strong>Exemple pratique :<\/strong> Lors d&rsquo;une r\u00e9union ou d\u2019un \u00e9v\u00e9nement social, remarquez quelque chose de positif chez une personne et exprimez-le. Par exemple, \u00ab J\u2019admire vraiment la mani\u00e8re dont vous avez pr\u00e9sent\u00e9 votre projet, c\u2019\u00e9tait tr\u00e8s clair et inspirant. \u00bb<\/p>\n\n\n\n<p><strong>Conseil personnalis\u00e9 :<\/strong> Assurez-vous que vos compliments sont sp\u00e9cifiques et authentiques. \u00c9vitez les g\u00e9n\u00e9ralit\u00e9s et concentrez-vous sur ce qui vous a r\u00e9ellement impressionn\u00e9 ou touch\u00e9 chez l\u2019autre personne.<\/p>\n\n\n\n<h3 class=\"wp-block-heading\"><strong>5. Le Langage Corporel : Parlez Sans Mots<\/strong><\/h3>\n\n\n\n<p>Le dernier secret est <strong>le langage corporel<\/strong>. Vos gestes, expressions faciales, et postures transmettent beaucoup plus que les mots. Une communication non verbale efficace est essentielle pour la s\u00e9duction \u00e9l\u00e9gante.<\/p>\n\n\n\n<p><strong>Avantages dans le quotidien :<\/strong> En ma\u00eetrisant le langage corporel, vous pouvez renforcer vos messages verbaux et cr\u00e9er une impression plus coh\u00e9rente et convaincante. Vous pouvez \u00e9galement lire les signaux non verbaux des autres pour mieux comprendre leurs r\u00e9actions.<\/p>\n\n\n\n<p><strong>Exemple pratique :<\/strong> Lorsque vous \u00eates en conversation, utilisez un contact visuel pour montrer que vous \u00eates engag\u00e9. \u00c9vitez de croiser les bras, car cela peut sembler d\u00e9fensif. Optez pour des gestes ouverts et r\u00e9ceptifs.<\/p>\n\n\n\n<p><strong>Conseil personnalis\u00e9 :<\/strong> Pratiquez des postures ouvertes et des gestes amicaux devant un miroir pour devenir plus conscient de votre langage corporel. Cela vous aidera \u00e0 ajuster vos gestes en fonction des situations sociales.<\/p>\n\n\n\n<p><strong>Conclusion<\/strong><\/p>\n\n\n\n<p>En conclusion, la s\u00e9duction \u00e9l\u00e9gante n&rsquo;est pas simplement une question d&rsquo;apparence ou de charme superficiel ; c\u2019est un ensemble de comp\u00e9tences que vous pouvez d\u00e9velopper pour am\u00e9liorer vos interactions quotidiennes. <strong>La confiance en soi, l\u2019\u00e9coute active, un sourire sinc\u00e8re, des compliments authentiques, et un langage corporel efficace<\/strong> sont des \u00e9l\u00e9ments essentiels pour cr\u00e9er des connexions profondes et durables.<\/p>\n\n\n\n<p>En int\u00e9grant ces secrets dans votre quotidien, vous aurez non seulement un impact positif sur les personnes que vous rencontrez, mais vous augmenterez \u00e9galement votre propre confiance et satisfaction personnelle. Alors, qu\u2019attendez-vous ? Commencez d\u00e8s aujourd\u2019hui \u00e0 mettre en pratique ces conseils et d\u00e9couvrez comment une touche de s\u00e9duction \u00e9l\u00e9gante peut transformer votre vie !<\/p>\n\n\n\n<p>Merci pour votre attention et bonne chance dans votre voyage vers une s\u00e9duction \u00e9l\u00e9gante !<\/p>\n\n\n\n<p><strong><em><a href=\"https:\/\/guido-saverio-coach.com\/\">Guido SAVERIO<\/a><\/em><\/strong><\/p>\n","protected":false},"excerpt":{"rendered":"<p>En int\u00e9grant ces secrets dans votre quotidien, vous aurez non seulement un impact positif sur les personnes que vous rencontrez, mais vous augmenterez \u00e9galement votre propre confiance et satisfaction personnelle. Alors, qu\u2019attendez-vous ? Mesdames et Messieurs, laissez-moi vous poser une&#8230; <a href=\"https:\/\/guido-saverio-coach.com\/?page_id=1217\" class=\"readmore\">Read more<span class=\"screen-reader-text\">5 Secrets de s\u00e9duction \u00e9l\u00e9gante que vous pouvez commencer \u00e0 utiliser d\u00e8s maintenant<\/span><span class=\"fa fa-angle-double-right\" aria-hidden=\"true\"><\/span><\/a><\/p>\n","protected":false},"author":1,"featured_media":0,"parent":0,"menu_order":0,"comment_status":"closed","ping_status":"closed","template":"","meta":{"footnotes":""},"_links":{"self":[{"href":"https:\/\/guido-saverio-coach.com\/index.php?rest_route=\/wp\/v2\/pages\/1217"}],"collection":[{"href":"https:\/\/guido-saverio-coach.com\/index.php?rest_route=\/wp\/v2\/pages"}],"about":[{"href":"https:\/\/guido-saverio-coach.com\/index.php?rest_route=\/wp\/v2\/types\/page"}],"author":[{"embeddable":true,"href":"https:\/\/guido-saverio-coach.com\/index.php?rest_route=\/wp\/v2\/users\/1"}],"replies":[{"embeddable":true,"href":"https:\/\/guido-saverio-coach.com\/index.php?rest_route=%2Fwp%2Fv2%2Fcomments&post=1217"}],"version-history":[{"count":1,"href":"https:\/\/guido-saverio-coach.com\/index.php?rest_route=\/wp\/v2\/pages\/1217\/revisions"}],"predecessor-version":[{"id":1225,"href":"https:\/\/guido-saverio-coach.com\/index.php?rest_route=\/wp\/v2\/pages\/1217\/revisions\/1225"}],"wp:attachment":[{"href":"https:\/\/guido-saverio-coach.com\/index.php?rest_route=%2Fwp%2Fv2%2Fmedia&parent=1217"}],"curies":[{"name":"wp","href":"https:\/\/api.w.org\/{rel}","templated":true}]}}