{"id":1341,"date":"2024-10-06T20:59:03","date_gmt":"2024-10-06T18:59:03","guid":{"rendered":"https:\/\/guido-saverio-coach.com\/?page_id=1341"},"modified":"2025-01-12T14:09:07","modified_gmt":"2025-01-12T13:09:07","slug":"guide-du-debutant-pour-la-gestion-du-temps-et-de-la-productivite","status":"publish","type":"page","link":"https:\/\/guido-saverio-coach.com\/?page_id=1341","title":{"rendered":"Ma\u00eetrise ton temps, ma\u00eetrise ta vie"},"content":{"rendered":"\n<p>voici une m\u00e9thode simple et efficace que tu peux utiliser d\u00e8s maintenant. Elle s&rsquo;appelle la <strong>m\u00e9thode des 3 listes<\/strong> et elle est id\u00e9ale pour organiser tes t\u00e2ches quotidiennes en un rien de temps.<\/p>\n\n\n\n<div class=\"wp-block-columns is-layout-flex wp-container-core-columns-is-layout-1 wp-block-columns-is-layout-flex\">\n<div class=\"wp-block-column is-layout-flow wp-block-column-is-layout-flow\"><\/div>\n\n\n\n<div class=\"wp-block-column is-layout-flow wp-block-column-is-layout-flow\"><div class=\"wp-block-image\">\n<figure class=\"aligncenter size-full is-resized\"><img loading=\"lazy\" decoding=\"async\" width=\"512\" height=\"800\" src=\"https:\/\/guido-saverio-coach.com\/wp-content\/uploads\/2024\/08\/guides.png\" alt=\"\" class=\"wp-image-1065\" style=\"width:180px;height:auto\" srcset=\"https:\/\/guido-saverio-coach.com\/wp-content\/uploads\/2024\/08\/guides.png 512w, https:\/\/guido-saverio-coach.com\/wp-content\/uploads\/2024\/08\/guides-192x300.png 192w\" sizes=\"(max-width: 512px) 100vw, 512px\" \/><\/figure><\/div><\/div>\n\n\n\n<div class=\"wp-block-column is-layout-flow wp-block-column-is-layout-flow\"><\/div>\n<\/div>\n\n\n\n<h3 class=\"wp-block-heading\"><strong>La m\u00e9thode des 3 listes :<\/strong><\/h3>\n\n\n\n<ol>\n<li><strong>Liste des Priorit\u00e9s (urgent et important)<\/strong>\n<ul>\n<li><strong>Ce que tu dois faire absolument aujourd&rsquo;hui.<\/strong><br>Ce sont les t\u00e2ches urgentes qui auront un impact imm\u00e9diat si elles ne sont pas faites. Exemple : r\u00e9pondre \u00e0 un email urgent, terminer un rapport ou pr\u00e9parer un rendez-vous important.<br><strong>Astuce<\/strong> : Concentre-toi d&rsquo;abord sur ces t\u00e2ches avant tout le reste.<\/li>\n<\/ul>\n<\/li>\n\n\n\n<li><strong>Liste des t\u00e2ches \u00e0 faire (important mais non urgent)<\/strong>\n<ul>\n<li><strong>Ce que tu veux accomplir \u00e0 moyen terme.<\/strong><br>Ce sont des t\u00e2ches importantes mais qui ne doivent pas forc\u00e9ment \u00eatre faites imm\u00e9diatement. Par exemple, travailler sur un projet \u00e0 long terme ou planifier une activit\u00e9 future.<br><strong>Astuce<\/strong> : Lorsque tu as termin\u00e9 tes priorit\u00e9s, passe \u00e0 ces t\u00e2ches. Elles ne sont pas urgentes, mais importantes pour ta progression.<\/li>\n<\/ul>\n<\/li>\n\n\n\n<li><strong>Liste des t\u00e2ches secondaires (ni urgent ni important)<\/strong>\n<ul>\n<li><strong>Les petites choses \u00e0 faire, mais qui peuvent \u00eatre repouss\u00e9es.<\/strong><br>Ce sont des t\u00e2ches qui peuvent \u00eatre remises \u00e0 plus tard, comme ranger ton bureau, v\u00e9rifier tes emails non urgents, ou trier des documents.<br><strong>Astuce<\/strong> : Les t\u00e2ches secondaires sont celles que tu dois minimiser, car elles prennent de l&rsquo;\u00e9nergie sans apporter un grand impact.<\/li>\n<\/ul>\n<\/li>\n<\/ol>\n\n\n\n<hr class=\"wp-block-separator has-alpha-channel-opacity\"\/>\n\n\n\n<h3 class=\"wp-block-heading\"><strong>Comment appliquer cette m\u00e9thode :<\/strong><\/h3>\n\n\n\n<ol>\n<li><strong>Le matin<\/strong> (ou la veille au soir) : Prends 10 minutes pour \u00e9crire tes 3 listes.<\/li>\n\n\n\n<li><strong>Tout au long de la journ\u00e9e<\/strong> : Concentre-toi d&rsquo;abord sur les t\u00e2ches de la <strong>Liste des Priorit\u00e9s<\/strong>.<\/li>\n\n\n\n<li><strong>A la fin de la journ\u00e9e<\/strong> : \u00c9value ce que tu as accompli. Si tu as termin\u00e9 toutes tes priorit\u00e9s, tu peux avancer sur les t\u00e2ches \u00e0 faire, mais toujours en fonction de leur importance et non de leur urgence.<\/li>\n\n\n\n<li><strong>Revue hebdomadaire<\/strong> : Une fois par semaine, prends quelques minutes pour revoir tes listes et ajuster les priorit\u00e9s.<\/li>\n<\/ol>\n\n\n\n<h3 class=\"wp-block-heading\"><strong>Outils pour t&rsquo;aider \u00e0 g\u00e9rer ces listes :<\/strong><\/h3>\n\n\n\n<ul>\n<li><strong>Google Keep<\/strong> : Pour des listes rapides et accessibles partout.<\/li>\n\n\n\n<li><strong>Todoist<\/strong> : Une application simple qui permet de cr\u00e9er des listes de t\u00e2ches avec des priorit\u00e9s.<\/li>\n\n\n\n<li><strong>Trello<\/strong> : Pour une gestion de projet plus visuelle avec des listes de t\u00e2ches \u00e0 d\u00e9placer facilement.<\/li>\n<\/ul>\n\n\n\n<h3 class=\"wp-block-heading\"><strong>Pourquoi cette m\u00e9thode fonctionne<\/strong> :<\/h3>\n\n\n\n<ul>\n<li>Elle te force \u00e0 te concentrer sur l&rsquo;essentiel et \u00e0 ne pas te disperser.<\/li>\n\n\n\n<li>Elle te permet de faire des choix clairs sur ce qui m\u00e9rite ton attention imm\u00e9diate et ce qui peut attendre.<\/li>\n\n\n\n<li>Elle te donne une sensation de contr\u00f4le, car tu sais pr\u00e9cis\u00e9ment ce que tu dois accomplir et dans quel ordre.<\/li>\n<\/ul>\n\n\n\n<p>Cela peut \u00eatre mis en place rapidement et n\u00e9cessite seulement un peu de discipline pour que cela devienne une habitude. C\u2019est un excellent point de d\u00e9part pour optimiser ta gestion du temps sans complexit\u00e9 !<\/p>\n\n\n\n<p><strong><em><a href=\"https:\/\/guido-saverio-coach.com\/\" data-type=\"link\" data-id=\"https:\/\/guido-saverio-coach.com\/\">Guido SAVERIO<\/a><\/em><\/strong><\/p>\n","protected":false},"excerpt":{"rendered":"<p>voici une m\u00e9thode simple et efficace que tu peux utiliser d\u00e8s maintenant. Elle s&rsquo;appelle la m\u00e9thode des 3 listes et elle est id\u00e9ale pour organiser tes t\u00e2ches quotidiennes en un rien de temps. La m\u00e9thode des 3 listes : Comment&#8230; <a href=\"https:\/\/guido-saverio-coach.com\/?page_id=1341\" class=\"readmore\">Read more<span class=\"screen-reader-text\">Ma\u00eetrise ton temps, ma\u00eetrise ta vie<\/span><span class=\"fa fa-angle-double-right\" aria-hidden=\"true\"><\/span><\/a><\/p>\n","protected":false},"author":1,"featured_media":0,"parent":0,"menu_order":0,"comment_status":"closed","ping_status":"closed","template":"","meta":{"footnotes":""},"_links":{"self":[{"href":"https:\/\/guido-saverio-coach.com\/index.php?rest_route=\/wp\/v2\/pages\/1341"}],"collection":[{"href":"https:\/\/guido-saverio-coach.com\/index.php?rest_route=\/wp\/v2\/pages"}],"about":[{"href":"https:\/\/guido-saverio-coach.com\/index.php?rest_route=\/wp\/v2\/types\/page"}],"author":[{"embeddable":true,"href":"https:\/\/guido-saverio-coach.com\/index.php?rest_route=\/wp\/v2\/users\/1"}],"replies":[{"embeddable":true,"href":"https:\/\/guido-saverio-coach.com\/index.php?rest_route=%2Fwp%2Fv2%2Fcomments&post=1341"}],"version-history":[{"count":3,"href":"https:\/\/guido-saverio-coach.com\/index.php?rest_route=\/wp\/v2\/pages\/1341\/revisions"}],"predecessor-version":[{"id":1810,"href":"https:\/\/guido-saverio-coach.com\/index.php?rest_route=\/wp\/v2\/pages\/1341\/revisions\/1810"}],"wp:attachment":[{"href":"https:\/\/guido-saverio-coach.com\/index.php?rest_route=%2Fwp%2Fv2%2Fmedia&parent=1341"}],"curies":[{"name":"wp","href":"https:\/\/api.w.org\/{rel}","templated":true}]}}