{"id":1374,"date":"2024-10-06T23:30:36","date_gmt":"2024-10-06T21:30:36","guid":{"rendered":"https:\/\/guido-saverio-coach.com\/?page_id=1374"},"modified":"2024-10-13T23:35:05","modified_gmt":"2024-10-13T21:35:05","slug":"guide-du-debutant-pour-lapprentissage-des-echecs","status":"publish","type":"page","link":"https:\/\/guido-saverio-coach.com\/?page_id=1374","title":{"rendered":"Guide du D\u00e9butant pour l&rsquo;Apprentissage des \u00c9checs"},"content":{"rendered":"\n<h1 class=\"wp-block-heading has-medium-font-size\">Les \u00e9checs sont un jeu de strat\u00e9gie mill\u00e9naire qui d\u00e9veloppe la concentration, la logique et la pens\u00e9e critique. Ce guide vous permettra d\u2019apprendre les r\u00e8gles de base, de comprendre les ouvertures, de d\u00e9couvrir des strat\u00e9gies simples, et de vous initier \u00e0 la tactique et la d\u00e9fense. Il est con\u00e7u pour les d\u00e9butants, que vous soyez \u00e9tudiant ou adulte, curieux d\u2019explorer cet univers fascinant.<\/h1>\n\n\n\n<h2 class=\"wp-block-heading\"><strong>Table des mati\u00e8res :<\/strong><\/h2>\n\n\n\n<ol>\n<li>Les r\u00e8gles de base des \u00e9checs<\/li>\n\n\n\n<li>L\u2019ouverture de partie<\/li>\n\n\n\n<li>Strat\u00e9gies simples pour am\u00e9liorer son jeu<\/li>\n\n\n\n<li>Conseils pour la tactique et la d\u00e9fense<\/li>\n\n\n\n<li>Comment utiliser des applications pour s\u2019entra\u00eener<\/li>\n\n\n\n<li>Conclusion<\/li>\n<\/ol>\n\n\n\n<hr class=\"wp-block-separator has-alpha-channel-opacity\"\/>\n\n\n\n<h2 class=\"wp-block-heading\"><strong>1. Les R\u00e8gles de Base des \u00c9checs<\/strong><\/h2>\n\n\n\n<h3 class=\"wp-block-heading\"><strong>1.1. L&rsquo;\u00e9chiquier et la disposition des pi\u00e8ces<\/strong><\/h3>\n\n\n\n<ul>\n<li>L\u2019\u00e9chiquier est compos\u00e9 de 64 cases (8&#215;8), alternant entre des cases claires et fonc\u00e9es.<\/li>\n\n\n\n<li>Chaque joueur commence avec 16 pi\u00e8ces : 1 roi, 1 dame, 2 tours, 2 cavaliers, 2 fous, et 8 pions.<\/li>\n\n\n\n<li>Les pi\u00e8ces se placent de la mani\u00e8re suivante (de gauche \u00e0 droite sur la premi\u00e8re rang\u00e9e pour les blancs) : tour, cavalier, fou, dame (sur la case de sa couleur), roi, fou, cavalier, tour. Les pions se placent sur la deuxi\u00e8me rang\u00e9e.<\/li>\n<\/ul>\n\n\n\n<h3 class=\"wp-block-heading\"><strong>1.2. D\u00e9placement des pi\u00e8ces<\/strong><\/h3>\n\n\n\n<ul>\n<li><strong>Roi :<\/strong> Se d\u00e9place d\u2019une case dans n\u2019importe quelle direction.<\/li>\n\n\n\n<li><strong>Dame :<\/strong> Se d\u00e9place en ligne droite, horizontalement, verticalement ou en diagonale sur un nombre illimit\u00e9 de cases.<\/li>\n\n\n\n<li><strong>Tour :<\/strong> Se d\u00e9place en ligne droite, verticalement ou horizontalement.<\/li>\n\n\n\n<li><strong>Fou :<\/strong> Se d\u00e9place uniquement en diagonale sur un nombre illimit\u00e9 de cases.<\/li>\n\n\n\n<li><strong>Cavalier :<\/strong> Se d\u00e9place en formant un \u201cL\u201d (deux cases dans une direction, puis une case perpendiculairement). Il est la seule pi\u00e8ce qui peut sauter par-dessus d\u2019autres pi\u00e8ces.<\/li>\n\n\n\n<li><strong>Pion :<\/strong> Se d\u00e9place d\u2019une case vers l\u2019avant (deux cases \u00e0 son premier d\u00e9placement) et capture en diagonale.<\/li>\n<\/ul>\n\n\n\n<h3 class=\"wp-block-heading\"><strong>1.3. Objectif du jeu<\/strong><\/h3>\n\n\n\n<p>L\u2019objectif est de mettre <strong>\u00e9chec et mat<\/strong> le roi adverse. Cela signifie que le roi de l&rsquo;adversaire est en \u00e9chec (attaqu\u00e9) et qu&rsquo;il n&rsquo;a aucun coup l\u00e9gal pour s&rsquo;en sortir.<\/p>\n\n\n\n<h3 class=\"wp-block-heading\"><strong>1.4. Terminologie de base<\/strong><\/h3>\n\n\n\n<ul>\n<li><strong>\u00c9chec :<\/strong> Le roi est attaqu\u00e9 par une pi\u00e8ce adverse. Il doit imm\u00e9diatement se d\u00e9placer pour sortir de cette menace.<\/li>\n\n\n\n<li><strong>\u00c9chec et mat :<\/strong> Le roi est attaqu\u00e9 et n\u2019a plus aucun coup pour \u00e9chapper \u00e0 l&rsquo;attaque.<\/li>\n\n\n\n<li><strong>Pat :<\/strong> Situation o\u00f9 un joueur n\u2019est pas en \u00e9chec mais ne peut faire aucun coup l\u00e9gal, ce qui entra\u00eene un match nul.<\/li>\n<\/ul>\n\n\n\n<hr class=\"wp-block-separator has-alpha-channel-opacity\"\/>\n\n\n\n<h2 class=\"wp-block-heading\"><strong>2. L\u2019Ouverture de Partie<\/strong><\/h2>\n\n\n\n<p>L\u2019ouverture est l\u2019\u00e9tape la plus importante pour bien d\u00e9marrer une partie d\u2019\u00e9checs. Une bonne ouverture vous aide \u00e0 contr\u00f4ler le centre de l\u2019\u00e9chiquier, \u00e0 d\u00e9velopper vos pi\u00e8ces et \u00e0 assurer la s\u00e9curit\u00e9 de votre roi.<\/p>\n\n\n\n<h3 class=\"wp-block-heading\"><strong>2.1. Les principes de base d&rsquo;une bonne ouverture<\/strong><\/h3>\n\n\n\n<ul>\n<li><strong>Contr\u00f4ler le centre :<\/strong> Les cases centrales (d4, e4, d5, e5) sont les plus importantes. Utilisez vos pions et pi\u00e8ces pour occuper ces cases.<\/li>\n\n\n\n<li><strong>D\u00e9velopper les pi\u00e8ces :<\/strong> Mettez vos cavaliers et fous en jeu le plus rapidement possible pour occuper des cases strat\u00e9giques.<\/li>\n\n\n\n<li><strong>S\u00e9curiser votre roi :<\/strong> Le <strong>petit roque<\/strong> (d\u00e9placement du roi vers la tour la plus proche) est un moyen efficace de prot\u00e9ger votre roi d\u00e8s les premiers coups.<\/li>\n<\/ul>\n\n\n\n<h3 class=\"wp-block-heading\"><strong>2.2. Exemples d&rsquo;ouvertures simples pour d\u00e9butants<\/strong><\/h3>\n\n\n\n<ul>\n<li><strong>Ouverture du pion roi (1. e4)<\/strong> : L\u2019un des coups les plus populaires. Il ouvre la voie aux fous et \u00e0 la dame tout en contr\u00f4lant le centre.<\/li>\n\n\n\n<li><strong>D\u00e9fense sicilienne (1. e4 c5)<\/strong> : Une r\u00e9ponse populaire pour les noirs contre l\u2019ouverture du pion roi. Elle cr\u00e9e une position asym\u00e9trique et dynamique.<\/li>\n\n\n\n<li><strong>Ouverture italienne (1. e4 e5 2. Nf3 Nc6 3. Bc4)<\/strong> : Une ouverture classique qui d\u00e9veloppe rapidement les pi\u00e8ces et contr\u00f4le le centre.<\/li>\n<\/ul>\n\n\n\n<hr class=\"wp-block-separator has-alpha-channel-opacity\"\/>\n\n\n\n<h2 class=\"wp-block-heading\"><strong>3. Strat\u00e9gies Simples pour Am\u00e9liorer Son Jeu<\/strong><\/h2>\n\n\n\n<h3 class=\"wp-block-heading\"><strong>3.1. D\u00e9veloppez vos pi\u00e8ces rapidement<\/strong><\/h3>\n\n\n\n<p>Ne d\u00e9placez pas la m\u00eame pi\u00e8ce plusieurs fois dans l\u2019ouverture. Utilisez plut\u00f4t vos cavaliers et fous pour occuper le centre et pr\u00e9parer votre position pour l\u2019attaque.<\/p>\n\n\n\n<h3 class=\"wp-block-heading\"><strong>3.2. Pensez \u00e0 la s\u00e9curit\u00e9 de votre roi<\/strong><\/h3>\n\n\n\n<p>Effectuez rapidement le roque pour prot\u00e9ger votre roi derri\u00e8re une muraille de pions. Cela permet de limiter les attaques adverses pr\u00e9coces.<\/p>\n\n\n\n<h3 class=\"wp-block-heading\"><strong>3.3. Connectez vos tours<\/strong><\/h3>\n\n\n\n<p>Apr\u00e8s avoir roqu\u00e9 et d\u00e9velopp\u00e9 vos pi\u00e8ces, d\u00e9placez vos pions centraux pour connecter vos tours. Une bonne coordination entre les tours est cruciale en milieu de partie.<\/p>\n\n\n\n<h3 class=\"wp-block-heading\"><strong>3.4. Ne perdez pas de mat\u00e9riel<\/strong><\/h3>\n\n\n\n<p>Apprenez \u00e0 \u00e9valuer la valeur des pi\u00e8ces. Perdre une pi\u00e8ce pr\u00e9cieuse, comme un fou ou une tour, peut affaiblir votre position. Voici la valeur approximative des pi\u00e8ces :<\/p>\n\n\n\n<ul>\n<li>Pion : 1 point<\/li>\n\n\n\n<li>Cavalier \/ Fou : 3 points<\/li>\n\n\n\n<li>Tour : 5 points<\/li>\n\n\n\n<li>Dame : 9 points<\/li>\n<\/ul>\n\n\n\n<h3 class=\"wp-block-heading\"><strong>3.5. Attention aux pi\u00e8ges<\/strong><\/h3>\n\n\n\n<p>Soyez prudent avec les mouvements rapides et r\u00e9fl\u00e9chissez toujours \u00e0 la riposte de votre adversaire. Par exemple, \u00e9viter de capturer un pion sans avoir v\u00e9rifi\u00e9 si cela expose votre pi\u00e8ce \u00e0 une attaque.<\/p>\n\n\n\n<hr class=\"wp-block-separator has-alpha-channel-opacity\"\/>\n\n\n\n<h2 class=\"wp-block-heading\"><strong>4. Conseils pour la Tactique et la D\u00e9fense<\/strong><\/h2>\n\n\n\n<h3 class=\"wp-block-heading\"><strong>4.1. Rep\u00e9rez les fourchettes<\/strong><\/h3>\n\n\n\n<p>Une fourchette est une attaque o\u00f9 une seule pi\u00e8ce attaque deux pi\u00e8ces adverses \u00e0 la fois. Les cavaliers sont particuli\u00e8rement efficaces pour r\u00e9aliser des fourchettes.<\/p>\n\n\n\n<h3 class=\"wp-block-heading\"><strong>4.2. Les clouages<\/strong><\/h3>\n\n\n\n<p>Un clouage est une situation o\u00f9 une pi\u00e8ce ne peut pas bouger sans exposer une pi\u00e8ce plus pr\u00e9cieuse derri\u00e8re elle. Utilisez cette tactique pour immobiliser les pi\u00e8ces adverses.<\/p>\n\n\n\n<h3 class=\"wp-block-heading\"><strong>4.3. Menace et contre-attaque<\/strong><\/h3>\n\n\n\n<p>Parfois, la meilleure d\u00e9fense est une contre-attaque. Si votre adversaire menace une de vos pi\u00e8ces, v\u00e9rifiez si vous pouvez cr\u00e9er une attaque plus forte ou menacer son roi.<\/p>\n\n\n\n<h3 class=\"wp-block-heading\"><strong>4.4. Comment d\u00e9fendre efficacement<\/strong><\/h3>\n\n\n\n<ul>\n<li><strong>Surprot\u00e9gez vos pi\u00e8ces :<\/strong> Si une de vos pi\u00e8ces est attaqu\u00e9e, assurez-vous qu\u2019elle est bien prot\u00e9g\u00e9e par une autre pi\u00e8ce.<\/li>\n\n\n\n<li><strong>\u00c9vacuation :<\/strong> Si vous \u00eates en difficult\u00e9, cherchez \u00e0 \u00e9changer les pi\u00e8ces adverses dangereuses ou \u00e0 retirer vos pi\u00e8ces menac\u00e9es vers une zone plus s\u00fbre.<\/li>\n<\/ul>\n\n\n\n<hr class=\"wp-block-separator has-alpha-channel-opacity\"\/>\n\n\n\n<h2 class=\"wp-block-heading\"><strong>5. Comment Utiliser des Applications pour S&rsquo;entra\u00eener<\/strong><\/h2>\n\n\n\n<h3 class=\"wp-block-heading\"><strong>5.1. Chess.com<\/strong><\/h3>\n\n\n\n<ul>\n<li><strong>Description :<\/strong> Chess.com est l&rsquo;une des plateformes d\u2019\u00e9checs les plus populaires pour jouer en ligne contre d\u2019autres joueurs de tous niveaux. Il propose \u00e9galement des puzzles tactiques, des vid\u00e9os d\u2019apprentissage, et des exercices.<\/li>\n\n\n\n<li><strong>Conseil :<\/strong> Commencez par des parties contre des adversaires de niveau similaire et essayez de r\u00e9soudre les puzzles quotidiens pour d\u00e9velopper votre vision tactique.<\/li>\n<\/ul>\n\n\n\n<h3 class=\"wp-block-heading\"><strong>5.2. Lichess.org<\/strong><\/h3>\n\n\n\n<ul>\n<li><strong>Description :<\/strong> Lichess est une autre plateforme gratuite, o\u00f9 vous pouvez jouer, regarder des retransmissions de parties, et r\u00e9soudre des exercices tactiques.<\/li>\n\n\n\n<li><strong>Conseil :<\/strong> Utilisez la fonction \u00ab Analyse de partie \u00bb pour comprendre vos erreurs apr\u00e8s chaque partie.<\/li>\n<\/ul>\n\n\n\n<h3 class=\"wp-block-heading\"><strong>5.3. ChessKid<\/strong><\/h3>\n\n\n\n<ul>\n<li><strong>Description :<\/strong> Id\u00e9ale pour les enfants ou les d\u00e9butants, ChessKid propose des le\u00e7ons interactives et des exercices simples pour s\u2019initier aux \u00e9checs.<\/li>\n\n\n\n<li><strong>Conseil :<\/strong> Explorez les niveaux progressifs pour am\u00e9liorer vos comp\u00e9tences.<\/li>\n<\/ul>\n\n\n\n<h3 class=\"wp-block-heading\"><strong>5.4. Shredder Chess<\/strong><\/h3>\n\n\n\n<ul>\n<li><strong>Description :<\/strong> Shredder est une application mobile qui vous permet de jouer contre une intelligence artificielle avec des niveaux de difficult\u00e9 ajustables.<\/li>\n\n\n\n<li><strong>Conseil :<\/strong> Commencez avec un niveau facile et augmentez progressivement la difficult\u00e9 pour d\u00e9fier votre capacit\u00e9 d&rsquo;adaptation.<\/li>\n<\/ul>\n\n\n\n<hr class=\"wp-block-separator has-alpha-channel-opacity\"\/>\n\n\n\n<h2 class=\"wp-block-heading\"><strong>6. Conclusion<\/strong><\/h2>\n\n\n\n<p>L\u2019apprentissage des \u00e9checs est une aventure passionnante. En ma\u00eetrisant les bases, en appliquant des strat\u00e9gies simples et en s\u2019entra\u00eenant r\u00e9guli\u00e8rement, vous progresserez rapidement. Le <strong>batch cooking<\/strong> de vos connaissances peut se faire \u00e0 votre rythme, et avec les bons outils num\u00e9riques \u00e0 port\u00e9e de main, vous n\u2019aurez jamais de p\u00e9nurie d\u2019adversaires ni de d\u00e9fis. Commencez par les r\u00e8gles, amusez-vous avec les ouvertures et, surtout, profitez du processus d&rsquo;am\u00e9lioration. \u00c0 vous de jouer !<\/p>\n\n\n\n<p><strong><em><a href=\"https:\/\/guido-saverio-coach.com\/\" data-type=\"link\" data-id=\"https:\/\/guido-saverio-coach.com\/\">Guido SAVERIO<\/a><\/em><\/strong><\/p>\n","protected":false},"excerpt":{"rendered":"<p>Les \u00e9checs sont un jeu de strat\u00e9gie mill\u00e9naire qui d\u00e9veloppe la concentration, la logique et la pens\u00e9e critique. Ce guide vous permettra d\u2019apprendre les r\u00e8gles de base, de comprendre les ouvertures, de d\u00e9couvrir des strat\u00e9gies simples, et de vous initier&#8230; <a href=\"https:\/\/guido-saverio-coach.com\/?page_id=1374\" class=\"readmore\">Read more<span class=\"screen-reader-text\">Guide du D\u00e9butant pour l&rsquo;Apprentissage des \u00c9checs<\/span><span class=\"fa fa-angle-double-right\" aria-hidden=\"true\"><\/span><\/a><\/p>\n","protected":false},"author":1,"featured_media":0,"parent":0,"menu_order":0,"comment_status":"closed","ping_status":"closed","template":"","meta":{"footnotes":""},"_links":{"self":[{"href":"https:\/\/guido-saverio-coach.com\/index.php?rest_route=\/wp\/v2\/pages\/1374"}],"collection":[{"href":"https:\/\/guido-saverio-coach.com\/index.php?rest_route=\/wp\/v2\/pages"}],"about":[{"href":"https:\/\/guido-saverio-coach.com\/index.php?rest_route=\/wp\/v2\/types\/page"}],"author":[{"embeddable":true,"href":"https:\/\/guido-saverio-coach.com\/index.php?rest_route=\/wp\/v2\/users\/1"}],"replies":[{"embeddable":true,"href":"https:\/\/guido-saverio-coach.com\/index.php?rest_route=%2Fwp%2Fv2%2Fcomments&post=1374"}],"version-history":[{"count":1,"href":"https:\/\/guido-saverio-coach.com\/index.php?rest_route=\/wp\/v2\/pages\/1374\/revisions"}],"predecessor-version":[{"id":1376,"href":"https:\/\/guido-saverio-coach.com\/index.php?rest_route=\/wp\/v2\/pages\/1374\/revisions\/1376"}],"wp:attachment":[{"href":"https:\/\/guido-saverio-coach.com\/index.php?rest_route=%2Fwp%2Fv2%2Fmedia&parent=1374"}],"curies":[{"name":"wp","href":"https:\/\/api.w.org\/{rel}","templated":true}]}}