{"id":1716,"date":"2024-12-04T16:09:21","date_gmt":"2024-12-04T15:09:21","guid":{"rendered":"https:\/\/guido-saverio-coach.com\/?page_id=1716"},"modified":"2024-12-06T14:34:01","modified_gmt":"2024-12-06T13:34:01","slug":"vous-navez-rien-a-perdre-et-tout-a-gagner","status":"publish","type":"page","link":"https:\/\/guido-saverio-coach.com\/?page_id=1716","title":{"rendered":"Vous n\u2019avez rien \u00e0 perdre et tout \u00e0 gagner"},"content":{"rendered":"\n<p>Imaginez un instant, un matin o\u00f9 vous vous r\u00e9veillez avec la sensation d&rsquo;avoir franchi une \u00e9tape d\u00e9cisive, un tournant dans votre vie. Vous regardez devant vous et vous ressentez cette \u00e9nergie nouvelle, cette conviction que ce que vous allez entreprendre aujourd&rsquo;hui va vous rapprocher de vos r\u00eaves. Vous n\u2019avez rien \u00e0 perdre et tout \u00e0 gagner. C\u2019est cette pens\u00e9e qui, \u00e0 elle seule, peut transformer votre vision du monde, et plus encore, transformer votre vie.<\/p>\n\n\n\n<p><strong><a href=\"https:\/\/guido-saverio-coach.com\/?page_id=1742\">Osez sortir de votre zone de confort<\/a><\/strong><\/p>\n\n\n\n<p>Trop souvent, nous nous laissons envahir par des peurs irrationnelles : \u00ab\u00a0Et si je n\u2019y arrive pas ?\u00a0\u00bb, \u00ab\u00a0Et si j\u2019\u00e9choue ?\u00a0\u00bb, \u00ab\u00a0Que vont penser les autres ?\u00a0\u00bb Pourtant, c\u2019est dans l\u2019action que la magie se produit. \u00c0 chaque fois que vous surmontez une peur, vous ouvrez une porte sur un nouveau monde de possibilit\u00e9s. Prenons un exemple simple. Vous avez peut-\u00eatre cette id\u00e9e de lancer un projet, d\u2019apprendre une nouvelle comp\u00e9tence ou de changer de carri\u00e8re. Cette id\u00e9e vous trotte dans la t\u00eate depuis des mois, voire des ann\u00e9es, mais vous h\u00e9sitez encore \u00e0 faire le premier pas. Vous avez peur de l\u2019\u00e9chec, peur de vous tromper, peur de ne pas \u00eatre \u00e0 la hauteur. Mais je vous le dis aujourd\u2019hui, vous n\u2019avez rien \u00e0 perdre. Parce qu\u2019au fond, vous savez que rester l\u00e0 o\u00f9 vous \u00eates ne vous apportera pas de changement. Alors, pourquoi ne pas essayer ?<\/p>\n\n\n\n<p><strong><a href=\"https:\/\/guido-saverio-coach.com\/?page_id=1750\">Chaque pas compte<\/a><\/strong><\/p>\n\n\n\n<p>Chaque petite action que vous entreprenez vous rapproche de ce que vous voulez vraiment. Pensez \u00e0 cela comme \u00e0 une randonn\u00e9e. Chaque pas vous rapproche du sommet, m\u00eame si ce sont des pas minuscules au d\u00e9part. Vous commencez avec une simple id\u00e9e, un r\u00eave, puis vous passez \u00e0 l\u2019action. Peut-\u00eatre commencez-vous par une simple recherche en ligne, une conversation avec quelqu\u2019un qui peut vous guider, ou m\u00eame la r\u00e9daction d\u2019un plan. Ces gestes sont les fondations d\u2019une grande r\u00e9ussite. Et chaque jour que vous avancez, m\u00eame si vous ne voyez pas imm\u00e9diatement de r\u00e9sultats, vous \u00eates en train de vous rapprocher de l\u2019objectif.<\/p>\n\n\n\n<p><strong>Les b\u00e9n\u00e9fices concrets dans votre quotidien<\/strong><\/p>\n\n\n\n<p>Imaginez ce que cela pourrait changer dans votre vie quotidienne. Oser prendre des risques calcul\u00e9s, essayer de nouvelles choses et sortir de votre zone de confort pourrait tout transformer. Par exemple, vous avez toujours r\u00eav\u00e9 de voyager, mais vous avez repouss\u00e9 ce projet \u00e0 chaque occasion. Peut-\u00eatre avez-vous craint le co\u00fbt, la logistique ou simplement l\u2019id\u00e9e de quitter votre routine. Mais imaginez si vous d\u00e9cidez enfin de vous lancer. Vous d\u00e9couvrez de nouveaux horizons, vous rencontrez de nouvelles personnes, vous apprenez des choses que vous n\u2019auriez jamais imagin\u00e9es. Vous revenez chez vous avec une \u00e9nergie renouvel\u00e9e, une nouvelle perspective sur la vie. C\u2019est l\u00e0 que vous r\u00e9alisez qu\u2019en fin de compte, vous n\u2019aviez rien \u00e0 perdre, mais tout \u00e0 gagner.<\/p>\n\n\n\n<p><strong>Transformez vos h\u00e9sitations en actions concr\u00e8tes<\/strong><\/p>\n\n\n\n<p>Il est normal d\u2019h\u00e9siter. Tout le monde passe par des moments de doute. Mais ce qui distingue ceux qui r\u00e9ussissent de ceux qui stagnent, c\u2019est la capacit\u00e9 \u00e0 agir malgr\u00e9 les incertitudes. Vous pouvez commencer par de petites actions : \u00e9crire vos objectifs, parler \u00e0 quelqu\u2019un qui a d\u00e9j\u00e0 r\u00e9alis\u00e9 ce que vous d\u00e9sirez accomplir, ou encore simplement poser une premi\u00e8re pierre \u00e0 votre projet. Vous verrez que ce premier pas d\u00e9clenchera un encha\u00eenement d\u2019\u00e9v\u00e9nements positifs. Tr\u00e8s vite, vous r\u00e9aliserez que chaque d\u00e9cision que vous prenez vous rapproche de la vie que vous avez toujours imagin\u00e9e.<\/p>\n\n\n\n<p><strong>Un message de confiance et d\u2019espoir<\/strong><\/p>\n\n\n\n<p>N\u2019oubliez jamais que vous n\u2019avez rien \u00e0 perdre et tout \u00e0 gagner. Si vous avez une id\u00e9e qui vous fait vibrer, un projet qui vous tient \u00e0 c\u0153ur, il est temps de le concr\u00e9tiser. Le monde a besoin de ce que vous avez \u00e0 offrir. Vos talents, vos id\u00e9es, votre \u00e9nergie peuvent changer les choses autour de vous. Peu importe d\u2019o\u00f9 vous partez, ce qui compte, c\u2019est la direction que vous choisissez de prendre. N\u2019attendez plus. Le moment est maintenant.<\/p>\n\n\n\n<p>Alors, \u00e0 vous de jouer. Vous \u00eates pr\u00eat. Vous avez ce qu\u2019il faut pour r\u00e9ussir. Parce qu\u2019au fond, vous n\u2019avez rien \u00e0 perdre et tout \u00e0 gagner.<\/p>\n\n\n\n<p><strong>GUIDO SAVERIO<\/strong><\/p>\n","protected":false},"excerpt":{"rendered":"<p>Imaginez un instant, un matin o\u00f9 vous vous r\u00e9veillez avec la sensation d&rsquo;avoir franchi une \u00e9tape d\u00e9cisive, un tournant dans votre vie. Vous regardez devant vous et vous ressentez cette \u00e9nergie nouvelle, cette conviction que ce que vous allez entreprendre&#8230; <a href=\"https:\/\/guido-saverio-coach.com\/?page_id=1716\" class=\"readmore\">Read more<span class=\"screen-reader-text\">Vous n\u2019avez rien \u00e0 perdre et tout \u00e0 gagner<\/span><span class=\"fa fa-angle-double-right\" aria-hidden=\"true\"><\/span><\/a><\/p>\n","protected":false},"author":1,"featured_media":0,"parent":0,"menu_order":0,"comment_status":"closed","ping_status":"closed","template":"","meta":{"footnotes":""},"_links":{"self":[{"href":"https:\/\/guido-saverio-coach.com\/index.php?rest_route=\/wp\/v2\/pages\/1716"}],"collection":[{"href":"https:\/\/guido-saverio-coach.com\/index.php?rest_route=\/wp\/v2\/pages"}],"about":[{"href":"https:\/\/guido-saverio-coach.com\/index.php?rest_route=\/wp\/v2\/types\/page"}],"author":[{"embeddable":true,"href":"https:\/\/guido-saverio-coach.com\/index.php?rest_route=\/wp\/v2\/users\/1"}],"replies":[{"embeddable":true,"href":"https:\/\/guido-saverio-coach.com\/index.php?rest_route=%2Fwp%2Fv2%2Fcomments&post=1716"}],"version-history":[{"count":3,"href":"https:\/\/guido-saverio-coach.com\/index.php?rest_route=\/wp\/v2\/pages\/1716\/revisions"}],"predecessor-version":[{"id":1754,"href":"https:\/\/guido-saverio-coach.com\/index.php?rest_route=\/wp\/v2\/pages\/1716\/revisions\/1754"}],"wp:attachment":[{"href":"https:\/\/guido-saverio-coach.com\/index.php?rest_route=%2Fwp%2Fv2%2Fmedia&parent=1716"}],"curies":[{"name":"wp","href":"https:\/\/api.w.org\/{rel}","templated":true}]}}