{"id":1855,"date":"2025-02-26T11:32:10","date_gmt":"2025-02-26T10:32:10","guid":{"rendered":"https:\/\/guido-saverio-coach.com\/?page_id=1855"},"modified":"2025-02-26T12:20:12","modified_gmt":"2025-02-26T11:20:12","slug":"change-avec-le-monde-ou-regarde-le-techapper","status":"publish","type":"page","link":"https:\/\/guido-saverio-coach.com\/?page_id=1855","title":{"rendered":"Change avec le monde ou regarde-le t\u2019\u00e9chapper"},"content":{"rendered":"\n<p>Tu vois ces gens qui restent accroch\u00e9s \u00e0 leur petit confort, persuad\u00e9s que tout va rester fig\u00e9, que le monde va les attendre sagement ? Ouais, ces gens-l\u00e0 finissent largu\u00e9s, frustr\u00e9s et coinc\u00e9s dans un pass\u00e9 qui n&rsquo;existe plus. La v\u00e9rit\u00e9, c&rsquo;est que le monde avance \u00e0 une vitesse folle, et soit tu changes avec lui, soit tu deviens un spectateur nostalgique, perdu sur le quai pendant que le train file \u00e0 toute allure.<\/p>\n\n\n\n<h3 class=\"wp-block-heading\">1. L\u2019illusion du \u00ab\u00a0statut quo\u00a0\u00bb<\/h3>\n\n\n\n<p>On adore croire que les choses vont rester les m\u00eames. Que notre job sera toujours l\u00e0, que nos relations ne bougeront pas, que nos habitudes suffiront. Faux. Tout change. Ton t\u00e9l\u00e9phone, tes r\u00e9seaux, ton industrie, m\u00eame la mani\u00e8re dont on fait les courses ou dont on commande \u00e0 manger. Alors pourquoi toi, tu ne changerais pas ?<\/p>\n\n\n\n<p>Regarde autour de toi : ceux qui refusent d\u2019\u00e9voluer deviennent invisibles. Les entreprises qui n\u2019innovent pas meurent. Les comp\u00e9tences qui n\u2019\u00e9voluent pas deviennent obsol\u00e8tes. Ta capacit\u00e9 \u00e0 t&rsquo;adapter, c&rsquo;est ton arme secr\u00e8te. Pas besoin de tout r\u00e9volutionner du jour au lendemain, mais si tu n&rsquo;int\u00e8gres pas le mouvement, tu seras laiss\u00e9 pour compte.<\/p>\n\n\n\n<h3 class=\"wp-block-heading\">2. La peur du changement te d\u00e9truit<\/h3>\n\n\n\n<p>Tu connais ce sentiment d&rsquo;inconfort quand on doit apprendre quelque chose de nouveau ? C\u2019est normal. Mais si tu fuis cette sensation \u00e0 chaque fois, tu t\u2019enfermes dans un monde qui r\u00e9tr\u00e9cit. Plus tu repousses le changement, plus tu te condamnes \u00e0 rester bloqu\u00e9 au m\u00eame endroit.<\/p>\n\n\n\n<p>Pose-toi une question simple : quand est-ce la derni\u00e8re fois que tu as fait quelque chose pour la premi\u00e8re fois ? Si \u00e7a remonte \u00e0 trop longtemps, c\u2019est un putain de signal d\u2019alarme.<\/p>\n\n\n\n<h3 class=\"wp-block-heading\">3. Comment embrasser le mouvement et devenir inarr\u00eat\u00e9<\/h3>\n\n\n\n<p>Ok, tu veux changer, mais par o\u00f9 commencer ? D\u00e9j\u00e0, arr\u00eate d\u2019avoir peur du bordel. Le changement, c&rsquo;est chaotique, c&rsquo;est inconfortable, mais c&rsquo;est l\u00e0 que tu trouves de la croissance.<\/p>\n\n\n\n<ul>\n<li><strong>Teste un truc nouveau chaque semaine.<\/strong> Apprends un skill, lis un livre qui te challenge, parle \u00e0 des gens qui pensent diff\u00e9remment.<\/li>\n\n\n\n<li><strong>Arr\u00eate de te raconter des excuses.<\/strong> \u00ab\u00a0J\u2019ai pas le temps\u00a0\u00bb, \u00ab\u00a0C\u2019est trop tard\u00a0\u00bb, \u00ab\u00a0C\u2019est pas pour moi\u00a0\u00bb. Bullshit. Si tu veux, tu peux. Point.<\/li>\n\n\n\n<li><strong>Entoure-toi de gens qui avancent.<\/strong> Les \u00e9nergies stagnantes te tirent vers le bas. Fr\u00e9quente des gens qui cherchent \u00e0 \u00e9voluer et tu verras \u00e0 quel point \u00e7a te booste.<\/li>\n\n\n\n<li><strong>Prends des risques.<\/strong> Pas des risques suicidaires, mais ose sortir du cadre. Lance ce projet, change de job, voyage, mets-toi dans des situations qui t&rsquo;obligent \u00e0 grandir.<\/li>\n<\/ul>\n\n\n\n<h3 class=\"wp-block-heading\">4. Le r\u00e9sultat ? Une version de toi en HD<\/h3>\n\n\n\n<p>Imagine-toi dans un an, cinq ans. Qui veux-tu \u00eatre ? Le mec ou la nana qui a os\u00e9, qui s\u2019est r\u00e9invent\u00e9, qui a pris des claques mais qui est devenu une version plus forte, plus fut\u00e9e, plus libre de lui-m\u00eame ? Ou celui qui regrette, qui se dit \u00ab\u00a0j&rsquo;aurais d\u00fb\u00a0\u00bb en regardant les autres avancer ?<\/p>\n\n\n\n<p>Le choix est simple. Change avec le monde ou regarde-le t\u2019\u00e9chapper.<\/p>\n\n\n\n<p>Alors, t&rsquo;attends quoi ?<\/p>\n\n\n\n<p><strong>Guido SAVERIO<\/strong><\/p>\n\n\n\n<p class=\"has-vivid-red-color has-text-color has-link-color wp-elements-ac717d3a20c3b2fb7ea53f794ebc17d7\"><strong>Si cet article t&rsquo;a secou\u00e9, partage-le. Quelqu&rsquo;un en a s\u00fbrement besoin autant que toi. Merci d&rsquo;avoir lu.<\/strong><\/p>\n\n\n\n<ul>\n<li><strong>\u00ab\u00a0<em><a href=\"https:\/\/guido-saverio-coach.com\/?page_id=1845\">Adapte-toi ou reste sur le carreau.<\/a><\/em>\u00ab\u00a0<\/strong><\/li>\n\n\n\n<li><strong>\u00ab\u00a0<em><a href=\"https:\/\/guido-saverio-coach.com\/?page_id=1849\">\u00c9volue, sinon tu deviens obsol\u00e8te.<\/a><\/em>\u00ab\u00a0<\/strong><\/li>\n\n\n\n<li><strong>\u00ab\u00a0<em><a href=\"https:\/\/guido-saverio-coach.com\/?page_id=1852\">Trop lent ? Le monde t\u2019\u00e9crasera.<\/a><\/em>\u00ab\u00a0<\/strong><\/li>\n\n\n\n<li><strong>\u00ab\u00a0<em><a href=\"https:\/\/guido-saverio-coach.com\/?page_id=1855\">Change avec le monde ou regarde-le t\u2019\u00e9chapper.<\/a><\/em>\u00ab\u00a0<\/strong><\/li>\n\n\n\n<li><strong>\u00ab\u00a0<em><a href=\"https:\/\/guido-saverio-coach.com\/?page_id=1858\">Ceux qui stagnent disparaissent.<\/a><\/em>\u00ab\u00a0<\/strong><\/li>\n\n\n\n<li><strong>\u00ab\u00a0<em><a href=\"https:\/\/guido-saverio-coach.com\/?page_id=1863\">La vitesse, c\u2019est la nouvelle r\u00e8gle du jeu.<\/a><\/em>\u00ab\u00a0<\/strong><\/li>\n\n\n\n<li><strong>\u00ab\u00a0<em><a href=\"https:\/\/guido-saverio-coach.com\/?page_id=1866\">Soit tu t\u2019adaptes, soit tu subis.<\/a><\/em>\u00ab\u00a0<\/strong><\/li>\n\n\n\n<li><strong>\u00ab\u00a0<em><a href=\"https:\/\/guido-saverio-coach.com\/?page_id=1869\">La transformation est in\u00e9vitable. Sois du bon c\u00f4t\u00e9.<\/a><\/em>\u00ab\u00a0<\/strong><\/li>\n\n\n\n<li><strong>\u00ab\u00a0<em><a href=\"https:\/\/guido-saverio-coach.com\/?page_id=1873\">Le futur n\u2019attend personne. Sois pr\u00eat.<\/a><\/em>\u00ab\u00a0<\/strong><\/li>\n\n\n\n<li><strong>\u00ab\u00a0<em><a href=\"https:\/\/guido-saverio-coach.com\/?page_id=1876\">L\u2019ancien monde est mort. Construis le tien.<\/a><\/em>\u00ab\u00a0<\/strong><\/li>\n\n\n\n<li><strong>\u00ab\u00a0<em><a href=\"https:\/\/guido-saverio-coach.com\/?page_id=1879\">Les r\u00e8gles changent, les gagnants aussi.<\/a><\/em>\u00ab\u00a0<\/strong><\/li>\n\n\n\n<li><strong>\u00ab\u00a0<em><a href=\"https:\/\/guido-saverio-coach.com\/?page_id=1882\">Ne sois pas le dernier \u00e0 comprendre le changement.<\/a><\/em>\u00ab\u00a0<\/strong><\/li>\n\n\n\n<li><strong>\u00ab\u00a0<em><a href=\"https:\/\/guido-saverio-coach.com\/?page_id=1885\">Ceux qui osent prennent l\u2019avantage.<\/a><\/em>\u00ab\u00a0<\/strong><\/li>\n\n\n\n<li><strong>\u00ab\u00a0<em><a href=\"https:\/\/guido-saverio-coach.com\/?page_id=1888\">Les opportunit\u00e9s sont l\u00e0. Encore faut-il les voir.<\/a><\/em>\u00ab\u00a0<\/strong><\/li>\n\n\n\n<li><strong>\u00ab\u00a0<em><a href=\"https:\/\/guido-saverio-coach.com\/?page_id=1891\">Le monde avance. Fais en sorte de ne pas rester derri\u00e8re.<\/a><\/em>\u00ab\u00a0<\/strong><\/li>\n<\/ul>\n","protected":false},"excerpt":{"rendered":"<p>Tu vois ces gens qui restent accroch\u00e9s \u00e0 leur petit confort, persuad\u00e9s que tout va rester fig\u00e9, que le monde va les attendre sagement ? Ouais, ces gens-l\u00e0 finissent largu\u00e9s, frustr\u00e9s et coinc\u00e9s dans un pass\u00e9 qui n&rsquo;existe plus. La&#8230; <a href=\"https:\/\/guido-saverio-coach.com\/?page_id=1855\" class=\"readmore\">Read more<span class=\"screen-reader-text\">Change avec le monde ou regarde-le t\u2019\u00e9chapper<\/span><span class=\"fa fa-angle-double-right\" aria-hidden=\"true\"><\/span><\/a><\/p>\n","protected":false},"author":1,"featured_media":0,"parent":0,"menu_order":0,"comment_status":"closed","ping_status":"closed","template":"","meta":{"footnotes":""},"_links":{"self":[{"href":"https:\/\/guido-saverio-coach.com\/index.php?rest_route=\/wp\/v2\/pages\/1855"}],"collection":[{"href":"https:\/\/guido-saverio-coach.com\/index.php?rest_route=\/wp\/v2\/pages"}],"about":[{"href":"https:\/\/guido-saverio-coach.com\/index.php?rest_route=\/wp\/v2\/types\/page"}],"author":[{"embeddable":true,"href":"https:\/\/guido-saverio-coach.com\/index.php?rest_route=\/wp\/v2\/users\/1"}],"replies":[{"embeddable":true,"href":"https:\/\/guido-saverio-coach.com\/index.php?rest_route=%2Fwp%2Fv2%2Fcomments&post=1855"}],"version-history":[{"count":2,"href":"https:\/\/guido-saverio-coach.com\/index.php?rest_route=\/wp\/v2\/pages\/1855\/revisions"}],"predecessor-version":[{"id":1905,"href":"https:\/\/guido-saverio-coach.com\/index.php?rest_route=\/wp\/v2\/pages\/1855\/revisions\/1905"}],"wp:attachment":[{"href":"https:\/\/guido-saverio-coach.com\/index.php?rest_route=%2Fwp%2Fv2%2Fmedia&parent=1855"}],"curies":[{"name":"wp","href":"https:\/\/api.w.org\/{rel}","templated":true}]}}