{"id":2055,"date":"2025-10-04T00:45:16","date_gmt":"2025-10-03T22:45:16","guid":{"rendered":"https:\/\/guido-saverio-coach.com\/?page_id=2055"},"modified":"2025-10-05T01:59:57","modified_gmt":"2025-10-04T23:59:57","slug":"coaching-sue-la-recherche-dequilibre-de-vie","status":"publish","type":"page","link":"https:\/\/guido-saverio-coach.com\/?page_id=2055","title":{"rendered":"Coaching sue la recherche d\u2019\u00e9quilibre de vie"},"content":{"rendered":"\n<p>Voici une <strong>s\u00e9lection de questions puissantes<\/strong> autour du th\u00e8me de <strong>la recherche d\u2019\u00e9quilibre de vie<\/strong><\/p>\n\n\n\n<h2 class=\"wp-block-heading\">\ud83c\udf3f 1. Explorer la situation actuelle<\/h2>\n\n\n\n<blockquote class=\"wp-block-quote is-layout-flow wp-block-quote-is-layout-flow\">\n<p>Ces questions am\u00e8nent la personne \u00e0 observer <strong>sa r\u00e9alit\u00e9 pr\u00e9sente<\/strong> sans jugement.<\/p>\n<\/blockquote>\n\n\n\n<ul>\n<li>\u00c0 quoi ressemble ta vie aujourd\u2019hui ?<\/li>\n\n\n\n<li>Qu\u2019est-ce qui te prend le plus de temps et d\u2019\u00e9nergie actuellement ?<\/li>\n\n\n\n<li>Dans quels domaines de ta vie te sens-tu en d\u00e9s\u00e9quilibre ?<\/li>\n\n\n\n<li>Quelles sont les cons\u00e9quences de ce d\u00e9s\u00e9quilibre pour toi (\u00e9motionnelles, physiques, relationnelles, professionnelles) ?<\/li>\n\n\n\n<li>Qu\u2019est-ce qui te manque le plus aujourd\u2019hui pour te sentir \u00e9quilibr\u00e9(e) ?<\/li>\n\n\n\n<li>Si tu devais \u00e9valuer ton \u00e9quilibre de vie sur 10, quelle note te donnerais-tu ? Pourquoi ?<\/li>\n<\/ul>\n\n\n\n<hr class=\"wp-block-separator has-alpha-channel-opacity\"\/>\n\n\n\n<h2 class=\"wp-block-heading\">\ud83c\udf1e 2. Clarifier la vision et les priorit\u00e9s<\/h2>\n\n\n\n<blockquote class=\"wp-block-quote is-layout-flow wp-block-quote-is-layout-flow\">\n<p>Ces questions aident \u00e0 d\u00e9finir <strong>ce qu\u2019un \u00e9quilibre de vie signifie personnellement<\/strong>.<\/p>\n<\/blockquote>\n\n\n\n<ul>\n<li>Que signifie pour toi \u201cavoir un bon \u00e9quilibre de vie\u201d ?<\/li>\n\n\n\n<li>\u00c0 quoi ressemblerait une vie \u00e9quilibr\u00e9e pour toi ?<\/li>\n\n\n\n<li>Quelles valeurs sont importantes pour toi dans la recherche d\u2019\u00e9quilibre ?<\/li>\n\n\n\n<li>Qu\u2019aimerais-tu voir changer dans ta vie au cours des prochains mois ?<\/li>\n\n\n\n<li>Qu\u2019est-ce que tu veux vraiment nourrir davantage dans ta vie (famille, sant\u00e9, cr\u00e9ativit\u00e9, repos, relations, etc.) ?<\/li>\n<\/ul>\n\n\n\n<hr class=\"wp-block-separator has-alpha-channel-opacity\"\/>\n\n\n\n<h2 class=\"wp-block-heading\">\ud83c\udfaf 3. Identifier les ressources et les forces<\/h2>\n\n\n\n<blockquote class=\"wp-block-quote is-layout-flow wp-block-quote-is-layout-flow\">\n<p>Ces questions r\u00e9v\u00e8lent <strong>les atouts, les talents et les r\u00e9ussites pass\u00e9es<\/strong> de la personne.<\/p>\n<\/blockquote>\n\n\n\n<ul>\n<li>Qu\u2019est-ce qui t\u2019a d\u00e9j\u00e0 aid\u00e9 par le pass\u00e9 \u00e0 retrouver ton \u00e9quilibre ?<\/li>\n\n\n\n<li>Quelles sont tes forces ou qualit\u00e9s que tu pourrais mobiliser aujourd\u2019hui ?<\/li>\n\n\n\n<li>De quoi es-tu fier\/fi\u00e8re dans la mani\u00e8re dont tu g\u00e8res ta vie ?<\/li>\n\n\n\n<li>Quelles personnes ou ressources autour de toi peuvent te soutenir ?<\/li>\n\n\n\n<li>Quelle petite victoire r\u00e9cente te montre que tu es capable de progresser ?<\/li>\n<\/ul>\n\n\n\n<hr class=\"wp-block-separator has-alpha-channel-opacity\"\/>\n\n\n\n<h2 class=\"wp-block-heading\">\ud83e\udded 4. D\u00e9finir les actions concr\u00e8tes<\/h2>\n\n\n\n<blockquote class=\"wp-block-quote is-layout-flow wp-block-quote-is-layout-flow\">\n<p>Ces questions invitent \u00e0 passer <strong>de la r\u00e9flexion \u00e0 l\u2019action<\/strong>, en douceur et avec engagement.<\/p>\n<\/blockquote>\n\n\n\n<ul>\n<li>Quelle premi\u00e8re action concr\u00e8te pourrais-tu mettre en place d\u00e8s cette semaine ?<\/li>\n\n\n\n<li>Qu\u2019est-ce qui serait une petite \u00e9tape r\u00e9aliste vers plus d\u2019\u00e9quilibre ?<\/li>\n\n\n\n<li>Qu\u2019est-ce qui pourrait te freiner dans cette d\u00e9marche ?<\/li>\n\n\n\n<li>Comment pourrais-tu contourner ces obstacles ?<\/li>\n\n\n\n<li>\u00c0 quoi sauras-tu que tu progresses vers un meilleur \u00e9quilibre ?<\/li>\n<\/ul>\n\n\n\n<hr class=\"wp-block-separator has-alpha-channel-opacity\"\/>\n\n\n\n<h2 class=\"wp-block-heading\">\ud83d\udc96 5. Ancrer la motivation et la conscience de soi<\/h2>\n\n\n\n<blockquote class=\"wp-block-quote is-layout-flow wp-block-quote-is-layout-flow\">\n<p>Ces questions aident \u00e0 <strong>connecter la personne \u00e0 son \u201cpourquoi\u201d<\/strong>, source d\u2019\u00e9nergie durable.<\/p>\n<\/blockquote>\n\n\n\n<ul>\n<li>Pourquoi cet \u00e9quilibre de vie est-il important pour toi ?<\/li>\n\n\n\n<li>Qu\u2019est-ce que tu esp\u00e8res ressentir une fois cet \u00e9quilibre atteint ?<\/li>\n\n\n\n<li>Qu\u2019est-ce que tu risques de perdre si tu ne fais rien ?<\/li>\n\n\n\n<li>Comment veux-tu te sentir dans ta vie au quotidien ?<\/li>\n\n\n\n<li>Que dirait ton \u201ctoi id\u00e9al\u201d de la personne que tu es en train de devenir ?<\/li>\n<\/ul>\n\n\n\n<hr class=\"wp-block-separator has-alpha-channel-opacity\"\/>\n\n\n\n<h2 class=\"wp-block-heading\">\ud83c\udf3a Bonus : questions de recentrage et de pr\u00e9sence \u00e0 soi<\/h2>\n\n\n\n<blockquote class=\"wp-block-quote is-layout-flow wp-block-quote-is-layout-flow\">\n<p>\u00c0 utiliser quand la personne se sent perdue, dispers\u00e9e ou fatigu\u00e9e.<\/p>\n<\/blockquote>\n\n\n\n<ul>\n<li>Qu\u2019est-ce qui est vraiment essentiel pour toi aujourd\u2019hui ?<\/li>\n\n\n\n<li>Que peux-tu l\u00e2cher pour cr\u00e9er plus d\u2019espace et de l\u00e9g\u00e8ret\u00e9 ?<\/li>\n\n\n\n<li>Qu\u2019as-tu besoin d\u2019\u00e9couter en toi, l\u00e0, maintenant ?<\/li>\n\n\n\n<li>Si ton corps pouvait te parler, que te dirait-il ?<\/li>\n\n\n\n<li>Quelle serait la plus petite chose que tu pourrais faire aujourd\u2019hui pour prendre soin de toi ?<\/li>\n<\/ul>\n\n\n\n<hr class=\"wp-block-separator has-alpha-channel-opacity\"\/>\n\n\n\n<hr class=\"wp-block-separator has-alpha-channel-opacity\"\/>\n\n\n\n<ul>\n<li><a href=\"https:\/\/guido-saverio-coach.com\/?page_id=2046\"><strong>la confiance en soi<\/strong>.<\/a><\/li>\n\n\n\n<li><strong><a href=\"https:\/\/guido-saverio-coach.com\/?page_id=2049\">Explorer et d\u00e9velopper ses ressources dans le domaine des relations<\/a><\/strong><\/li>\n\n\n\n<li><strong><a href=\"https:\/\/guido-saverio-coach.com\/?page_id=2052\">Coaching gestion du stress<\/a><\/strong><\/li>\n\n\n\n<li><strong><a href=\"https:\/\/guido-saverio-coach.com\/?page_id=2055\">Coaching sue la recherche d\u2019\u00e9quilibre de vie<\/a><\/strong><\/li>\n\n\n\n<li><strong><a href=\"https:\/\/guido-saverio-coach.com\/?page_id=2058\">Coaching \u00e9volution de carri\u00e8re<\/a><\/strong><\/li>\n\n\n\n<li><strong><a href=\"https:\/\/guido-saverio-coach.com\/?page_id=2061\">Coaching carri\u00e8re, changer de voie<\/a><\/strong><\/li>\n\n\n\n<li><strong><a href=\"https:\/\/guido-saverio-coach.com\/?page_id=2064\">Coaching pour mieux g\u00e9rer les relations au travail<\/a><\/strong><\/li>\n\n\n\n<li><strong><a href=\"https:\/\/guido-saverio-coach.com\/?page_id=2067\">Coaching pour retrouver du sens dans son m\u00e9tier<\/a><\/strong><\/li>\n\n\n\n<li><strong><a href=\"https:\/\/guido-saverio-coach.com\/?page_id=2070\">Coaching scolaire ou \u00e9tudiant ax\u00e9 sur l\u2019orientation<\/a><\/strong><\/li>\n\n\n\n<li><strong><a href=\"https:\/\/guido-saverio-coach.com\/?page_id=2073\">Coaching scolaire ou \u00e9tudiant, pour la motivation<\/a><\/strong><\/li>\n\n\n\n<li><strong><a href=\"https:\/\/guido-saverio-coach.com\/?page_id=2076\">Coaching scolaire ou \u00e9tudiant pour g\u00e9rer le stress des examens<\/a><\/strong><\/li>\n\n\n\n<li><strong><a href=\"https:\/\/guido-saverio-coach.com\/?page_id=2079\">Coaching scolaire ou \u00e9tudiant, autour des m\u00e9thodes de travail<\/a><\/strong><\/li>\n\n\n\n<li><strong><a href=\"https:\/\/guido-saverio-coach.com\/?page_id=2082\">Coaching pour sortir d\u2019un burn-out professionnel.<\/a><\/strong><\/li>\n\n\n\n<li><strong><a href=\"https:\/\/guido-saverio-coach.com\/?page_id=2086\">Coaching autour de l\u2019achat de la maison id\u00e9ale<\/a><\/strong><\/li>\n\n\n\n<li><strong><a href=\"https:\/\/guido-saverio-coach.com\/?page_id=2090\">Coaching apr\u00e8s une s\u00e9paration avec une personne manipulatrice<\/a><\/strong><\/li>\n\n\n\n<li><a href=\"https:\/\/guido-saverio-coach.com\/?page_id=2094\">Coaching de couple &#8211; <strong>r\u00e9activer la communication, la compr\u00e9hension mutuelle et la complicit\u00e9<\/strong>&nbsp;entre deux personnes<\/a><\/li>\n\n\n\n<li><strong><a href=\"https:\/\/guido-saverio-coach.com\/?page_id=2098\">Coaching de performance et de productivit\u00e9<\/a><\/strong><\/li>\n\n\n\n<li><strong><a href=\"https:\/\/guido-saverio-coach.com\/?page_id=2101\">Le coaching d\u2019\u00e9criture ou coaching d\u2019auteur<\/a><\/strong><\/li>\n\n\n\n<li><strong><a href=\"https:\/\/guido-saverio-coach.com\/?page_id=2104\">Coaching pour faire \u00e9merger les ressources d\u2019une personne et stimuler sa cr\u00e9ativit\u00e9,<\/a><\/strong><\/li>\n\n\n\n<li><strong><a href=\"https:\/\/guido-saverio-coach.com\/?page_id=2107\">Coaching pour surmonter un blocage cr\u00e9atif<\/a><\/strong><\/li>\n<\/ul>\n","protected":false},"excerpt":{"rendered":"<p>Voici une s\u00e9lection de questions puissantes autour du th\u00e8me de la recherche d\u2019\u00e9quilibre de vie \ud83c\udf3f 1. Explorer la situation actuelle Ces questions am\u00e8nent la personne \u00e0 observer sa r\u00e9alit\u00e9 pr\u00e9sente sans jugement. \ud83c\udf1e 2. Clarifier la vision et les&#8230; <a href=\"https:\/\/guido-saverio-coach.com\/?page_id=2055\" class=\"readmore\">Read more<span class=\"screen-reader-text\">Coaching sue la recherche d\u2019\u00e9quilibre de vie<\/span><span class=\"fa fa-angle-double-right\" aria-hidden=\"true\"><\/span><\/a><\/p>\n","protected":false},"author":1,"featured_media":0,"parent":0,"menu_order":0,"comment_status":"closed","ping_status":"closed","template":"","meta":{"footnotes":""},"_links":{"self":[{"href":"https:\/\/guido-saverio-coach.com\/index.php?rest_route=\/wp\/v2\/pages\/2055"}],"collection":[{"href":"https:\/\/guido-saverio-coach.com\/index.php?rest_route=\/wp\/v2\/pages"}],"about":[{"href":"https:\/\/guido-saverio-coach.com\/index.php?rest_route=\/wp\/v2\/types\/page"}],"author":[{"embeddable":true,"href":"https:\/\/guido-saverio-coach.com\/index.php?rest_route=\/wp\/v2\/users\/1"}],"replies":[{"embeddable":true,"href":"https:\/\/guido-saverio-coach.com\/index.php?rest_route=%2Fwp%2Fv2%2Fcomments&post=2055"}],"version-history":[{"count":2,"href":"https:\/\/guido-saverio-coach.com\/index.php?rest_route=\/wp\/v2\/pages\/2055\/revisions"}],"predecessor-version":[{"id":2117,"href":"https:\/\/guido-saverio-coach.com\/index.php?rest_route=\/wp\/v2\/pages\/2055\/revisions\/2117"}],"wp:attachment":[{"href":"https:\/\/guido-saverio-coach.com\/index.php?rest_route=%2Fwp%2Fv2%2Fmedia&parent=2055"}],"curies":[{"name":"wp","href":"https:\/\/api.w.org\/{rel}","templated":true}]}}