{"id":2356,"date":"2025-11-13T15:45:06","date_gmt":"2025-11-13T14:45:06","guid":{"rendered":"https:\/\/guido-saverio-coach.com\/?page_id=2356"},"modified":"2025-11-13T15:45:06","modified_gmt":"2025-11-13T14:45:06","slug":"arrete-de-faire-plus-commence-a-vivre","status":"publish","type":"page","link":"https:\/\/guido-saverio-coach.com\/?page_id=2356","title":{"rendered":"Arr\u00eate de faire plus. Commence \u00e0 vivre."},"content":{"rendered":"\n<p>On te r\u00e9p\u00e8te sans cesse : fais plus. Travaille plus. Ach\u00e8te plus. Poste plus. Like plus. Mais \u201cplus\u201d n\u2019est pas la vie. C\u2019est juste du bruit.<\/p>\n\n\n\n<p>Respire. Vraiment. Sens l\u2019air entrer, sentir ton corps exister. Regarde autour de toi, sans filtre, sans notification. Sois pr\u00e9sent. Lucide. Vivant.<\/p>\n\n\n\n<p>Le monde moderne adore les zombies occup\u00e9s. Il glorifie la fatigue comme un badge. Mais le vrai pouvoir, c\u2019est dans la clart\u00e9, pas dans l\u2019agenda surcharg\u00e9.<\/p>\n\n\n\n<p>Mieux respirer. \u00catre l\u00e0. Observer sans juger. Sentir, penser, ressentir. \u00c7a, c\u2019est le luxe ultime aujourd\u2019hui. Et \u00e7a ne co\u00fbte rien.<\/p>\n\n\n\n<p>Alors, laisse tomber \u201cfaire plus\u201d. Commence par vivre un peu mieux. Juste \u00e7a. Suffit.<\/p>\n","protected":false},"excerpt":{"rendered":"<p>On te r\u00e9p\u00e8te sans cesse : fais plus. Travaille plus. Ach\u00e8te plus. Poste plus. Like plus. Mais \u201cplus\u201d n\u2019est pas la vie. C\u2019est juste du bruit. Respire. Vraiment. Sens l\u2019air entrer, sentir ton corps exister. Regarde autour de toi, sans&#8230; <a href=\"https:\/\/guido-saverio-coach.com\/?page_id=2356\" class=\"readmore\">Read more<span class=\"screen-reader-text\">Arr\u00eate de faire plus. Commence \u00e0 vivre.<\/span><span class=\"fa fa-angle-double-right\" aria-hidden=\"true\"><\/span><\/a><\/p>\n","protected":false},"author":1,"featured_media":0,"parent":0,"menu_order":0,"comment_status":"closed","ping_status":"closed","template":"","meta":{"footnotes":""},"_links":{"self":[{"href":"https:\/\/guido-saverio-coach.com\/index.php?rest_route=\/wp\/v2\/pages\/2356"}],"collection":[{"href":"https:\/\/guido-saverio-coach.com\/index.php?rest_route=\/wp\/v2\/pages"}],"about":[{"href":"https:\/\/guido-saverio-coach.com\/index.php?rest_route=\/wp\/v2\/types\/page"}],"author":[{"embeddable":true,"href":"https:\/\/guido-saverio-coach.com\/index.php?rest_route=\/wp\/v2\/users\/1"}],"replies":[{"embeddable":true,"href":"https:\/\/guido-saverio-coach.com\/index.php?rest_route=%2Fwp%2Fv2%2Fcomments&post=2356"}],"version-history":[{"count":1,"href":"https:\/\/guido-saverio-coach.com\/index.php?rest_route=\/wp\/v2\/pages\/2356\/revisions"}],"predecessor-version":[{"id":2358,"href":"https:\/\/guido-saverio-coach.com\/index.php?rest_route=\/wp\/v2\/pages\/2356\/revisions\/2358"}],"wp:attachment":[{"href":"https:\/\/guido-saverio-coach.com\/index.php?rest_route=%2Fwp%2Fv2%2Fmedia&parent=2356"}],"curies":[{"name":"wp","href":"https:\/\/api.w.org\/{rel}","templated":true}]}}